3 + 14*q**2 - 14*q + 6. Let u be j(-15). Let m be (-16)/u + 6/27. Let n(f) = -2*f - 3*f**2 - 2 + 5 - m. Calculate n(2).
-15
Let g(x) = -x**3 - 3*x - 2. Let a be g(-2). Let o(b) = 17 - 26 + 2*b + a. Calculate o(-3).
-3
Let z(b) = -3*b**2 + 199 + 2*b**2 - 197 + 8*b. What is z(6)?
14
Let j(w) = w**3 + 5*w**2 - 15*w - 9. Let u be -7*((-72)/(-8) + -8). What is j(u)?
-2
Let b(d) = -d**3 + 7*d**2 + 5*d + 36. Let j be b(8). Let t(a) = a + 2. What is t(j)?
14
Let k(z) be the second derivative of -z**5/20 - 13*z**4/12 - 13*z**3/6 - 15*z**2/2 - 528*z + 2. Give k(-12).
-3
Let x(l) be the third derivative of l**4/12 + 8*l**3 - 6*l**2 + 2*l. What is x(-20)?
8
Let f(g) = 17*g**2 - 5. Let w(y) be the first derivative of -34*y**3/3 + 9*y + 6. Let a(c) = 7*f(c) + 4*w(c). Determine a(1).
-16
Let a = -2 + 4. Suppose 2*b = -5*j + 6, -1 = -b - 4*j + 2. Let l be 3*a*b/(-18). Let q(h) = -5*h**3 - 2*h**2 - 2*h - 1. Give q(l).
4
Let l be (-1)/((24/(-120))/(2/5)). Let p(h) be the third derivative of -1/60*h**5 + 0*h - 5/6*h**3 + 0 + 1/6*h**4 - 7*h**l. Calculate p(4).
-5
Let u(c) = -2*c - 4*c - 2 + 16*c - 14*c. Give u(0).
-2
Let i be (-9 - (-122)/12) + (-4)/24. Let t(o) = 12*o - 24. Let n(w) = -1. Let m(r) = -24*n(r) + t(r). Calculate m(i).
12
Let b(t) = -2*t + 8. Let s(v) = 26 - 51 + 16 - 4*v. Let x be s(-4). What is b(x)?
-6
Let x(g) = -8*g - 3. Let n(o) = 7*o + o + 4 - 3*o + 4*o. Let f(w) = -2*n(w) - 3*x(w). Let r = -8 - -6. Calculate f(r).
-11
Let t(s) = 3*s**3 + 16*s**2 - 7*s. Let a(h) = h**3 + h**2 + h + 1. Let p(i) = 4*a(i) - t(i). Give p(11).
4
Let p(w) = -1 + 176*w - 177*w + 2. Let m be 6 + (-3 - -3) + -3. Let i = -6 + m. Determine p(i).
4
Let h(a) = -a + 3*a**2 - 4 + 2*a**2 + 3. Let t(n) = 39*n - 235. Let k be t(6). Calculate h(k).
5
Let f be 2*2/(-6)*6. Let t(j) = j**3 + j**2 - j + 1. Let w(r) = -3*r**3 - 3*r**2 + 3*r - 6. Let g(a) = f*t(a) - w(a). Determine g(-2).
4
Suppose -4*w + 2*b = 46, -5*b = 3*w - 0*b + 67. Let j = w + 12. Let u(h) = -3*h**2 - 2*h + 2. Give u(j).
-6
Suppose 8*s - 4*s - 8 = 0. Suppose 2*a = 4*a - s*q - 16, 0 = -3*a - 2*q + 14. Let j(o) = -9 + 11 - 7*o + a*o. What is j(6)?
-4
Let p(k) = -k**2 - 7*k - 5. Let z = -4 - 4. Let i be z/10 + (-24)/(-30). Suppose i = 5*y + 31 - 6. What is p(y)?
5
Suppose -17*l = -20*l + 6. Let k(m) be the third derivative of 0*m + 0 + 1/2*m**3 - 3*m**l - 1/24*m**4. Determine k(0).
3
Let a(o) be the first derivative of o + 6 - 3/2*o**2. Calculate a(-4).
13
Suppose 15*p - 17*p = 5*v + 65, 0 = -5*p. Let c(l) = l**3 + 12*l**2 - 14*l - 16. Give c(v).
-3
Let t(f) be the third derivative of f**4/4 + 25*f**3/6 - 428*f**2 + 2*f. Calculate t(-6).
-11
Suppose 4*k + 38 = -2*z, -5*z = -10*z + 4*k - 67. Let g(c) = -c**3 - 15*c**2 - c - 15. Calculate g(z).
0
Let n(g) = -6*g + 4 - 8*g - g**3 + g + 2 + 13*g**2. Give n(12).
-6
Let z(j) be the first derivative of -j**4/4 + 7*j**3/3 - 2*j**2 - 2*j - 48. Calculate z(5).
28
Let o(t) = -143 + t + 9*t**2 + 280 - 137. Determine o(-1).
8
Suppose 8*q - 3127 = 5297. Let j(t) = -t**2 - q - 3*t + t + 1051. Let c(h) = 2*h**3 - h**2 + 1. Let y be c(-1). Give j(y).
-2
Let b(r) = -r**2 - 2. Let y(w) = 7*w**2 - 9*w + 2. Let z(a) = 11*a**2 - 14*a + 3. Let x(c) = 8*y(c) - 5*z(c). Let p be x(3). What is b(p)?
-18
Let x = -11 + 10. Let b(r) be the third derivative of r**6/120 - r**5/30 + r**3/6 - 46*r**2. Calculate b(x).
-2
Let k = -8538 - -8550. Let y(d) = 3*d + 14. Let p(z) = -2*z - 7. Let b(l) = -5*p(l) - 3*y(l). Give b(k).
5
Let d(v) = -6*v**3. Let a be d(-1). Let r = 136 - 118. Let x(f) = 14*f + 10*f + r*f - 44*f + 9. Determine x(a).
-3
Let i(m) = 15*m**2 - 14*m**2 + 36 - 46. Calculate i(0).
-10
Let u(v) = v**2 + 20*v - 24. Let i = 1166 - 1187. Give u(i).
-3
Let u(x) = -1 - 9 + 3*x + 0 - 4*x. Let k(r) = r**2 - 25*r + 22. Let y be k(24). Let b be (70/30)/(y/(-6)*-1). Determine u(b).
-3
Let j(y) be the third derivative of -y**5/60 - 7*y**4/24 - 5*y**3/2 - 41*y**2. Determine j(-8).
-23
Let r(f) = 7*f + 78. Let k be r(-11). Let w(t) = -4*t**2 + 4*t - 2. Calculate w(k).
-2
Let v(z) be the first derivative of -z**3/3 - 15*z**2/2 + 8*z - 380. Give v(-16).
-8
Let p(f) = -f**2 - 25*f - 3. Let c(z) = z**2 + 21*z + 2. Let x(g) = -6*c(g) - 5*p(g). Let d(u) = u**2 + 6*u + 2. Let w be d(-5). Determine x(w).
-3
Suppose 229 = 29*w + 171. Let q(s) = -3*s + 1. Determine q(w).
-5
Suppose -21 - 3 = -4*f. Let c(m) = 3*m**2 - 8*m + 9. Let x(p) = 4*p**2 - 9*p + 9. Let l(i) = -3*c(i) + 2*x(i). Calculate l(f).
-9
Let s(b) = 3*b**2 - 5 + 1144*b - 1152*b - 5 + b**3. Give s(-4).
6
Let q = -12 - 4. Let m be q/36*9/(-2). Let u(y) = y**3 - 3*y**2 + 2. What is u(m)?
-2
Let x(v) = 16*v + 31. Let n(q) = 14*q + 30. Let h(j) = 4*n(j) - 3*x(j). Give h(-4).
-5
Let f(w) be the third derivative of -w**4/24 + w**3/6 - w**2. Suppose -40*x - 3*x = -258. Calculate f(x).
-5
Suppose 0 = 2*q + g - 27 - 19, -3*q + 5*g = -82. Suppose -4*y - 16 = -q. Let u(c) = -c**y + c - 10*c**2 + 9*c**2. Calculate u(-1).
-3
Suppose 16 - 4 = 3*x. Let z(a) = 13*a**2 + 5*a - x*a**3 - 18*a**2 - 6 + 3*a**3. Calculate z(-6).
0
Let p(n) = -8 + 1726*n**2 - 3437*n**2 - 11*n + 1718*n**2 + n**3. What is p(-8)?
16
Let v(i) = -i**3 + i**2 - i - 31. Suppose -5*k - 15 = -3*x, 0 = -x - 2*k + 9 - 15. What is v(x)?
-31
Let z(t) = t**2 - 6*t + 5. Let d be (84/(-70))/(2/5). Let b be (-1)/d*(-24)/(-2). What is z(b)?
-3
Let u(s) = 13*s + 2. Suppose -5*t - 5*v - 15 = 0, -t - 14 = t + 4*v. What is u(t)?
15
Let n(d) = d + 4. Let o(l) be the third derivative of l**4/12 + 2*l**3 - 8*l**2. Let f(y) = -17*n(y) + 6*o(y). Calculate f(4).
-16
Let f(g) = 9*g**2 - 22*g - 35. Let t(j) = 5*j**2 - 11*j - 18. Let d(r) = 6*f(r) - 11*t(r). Determine d(-9).
6
Let d(n) = -3*n**2 + 20*n - 19. Let h be d(1). Let t(s) = -6*s**3 + s**2 - 2*s - 3. What is t(h)?
53
Suppose 37 - 32 = r. Let g(h) = 2*h + 8. Let s(b) = 1. Let p(y) = r*s(y) - g(y). What is p(-5)?
7
Let q(r) = 3*r - 6. Let t be q(2). Let z(k) = k**3 - 2*k**2 + k + 4. Let h be z(t). Suppose -s = -5*s + h. Let v(o) = -4*o**2 + 2*o - 1. Give v(s).
-3
Let o(y) = -y**2 - y + 1. Let u(a) = -a**3 + 3*a**2 - 3*a + 11. Let f(m) = 6*o(m) - u(m). Calculate f(9).
-32
Let d(y) = 0 - 6 + 10 - 5. Let h(v) = v + 5. Let t(n) = 2*d(n) + h(n). Determine t(-2).
1
Let i = -2 + 10. Suppose i = -4*p - 4, 0 = -5*j + 5*p - 5. Let y be j/6 - 16/(-6). Let u(d) = 2*d**2 + d - 1. Give u(y).
9
Let u(x) = x - 7. Let n(f) = -8*f - 32. Let h be n(-4). Suppose 3*m - 9 + 0 = h. What is u(m)?
-4
Suppose -4*f - 2*r + 33 - 7 = 0, r = f + 1. Let i(n) = 3 + 2*n - n**3 - f + n - n**2. Let g be ((-10)/3)/((-80)/120) - 3. Determine i(g).
-7
Let n(g) = g**2 - 14*g + 7. Let f(m) = m**2 - 27*m + 104. Let i be f(23). What is n(i)?
-17
Suppose 0 = 20*h - 22 - 78. Let z(x) = -x**3 + 4*x**2 + 6*x - 7. Calculate z(h).
-2
Let z be -4 - (-15 - 6/(-3)). Let r(k) = k + 1 + 5*k - 8*k**2 + z*k**2. What is r(-6)?
1
Let h(b) = 2*b + 1. Let a(w) = 8*w - 19. Let z(s) = a(s) - 3*h(s). Give z(11).
0
Let v(l) be the first derivative of -l**4/4 + 8*l**3/3 - 5*l**2/2 - 6*l + 1. Suppose 1773 + 1671 = 492*x. Determine v(x).
8
Let a = 1 + 9. Suppose 4*d = 5*s + a - 4, 2*d + 5*s = -12. Let w(m) = -4*m**3 + m**2 + m. Give w(d).
4
Let p(l) = -491 - 6*l - 488 + 1455 - 491. Calculate p(-6).
21
Let x(d) = d**3 - d + 173 - 2*d - d**2 - 175. Give x(-1).
-1
Suppose -3*b = -8*b + 40. Let u(v) be the second derivative of v**5/20 - 3*v**4/4 + 3*v**3/2 - 7*v**2/2 - 407*v + 4. Give u(b).
1
Let g(t) = -5 + 4 - 71*t**2 + 38*t**2 + 42*t**2. Suppose 4*w + 2 = 2*v, -2*w + 4 - 6 = 0. Give g(v).
8
Let x(t) = 6*t**3 + 2*t**2 - 3*t + 4. Let l(u) = 5*u**3 + u**2 - 4*u + 4. Let v(h) = -5*l(h) + 4*x(h). What is v(5)?
-14
Let j(r) = 3*r - r + r**3 + 2*r**2 + 8 - 4. Let w = -243 + 240. Give j(w).
-11
Let h(b) = -b**3 - 4*b**2 - b + 3. Let c be h(-4). Suppose 3*m + 10 = 5*d, c*m - 15 = 2*m + 2*d. Let p(a) = -a - 2. Give p(m).
-7
Let n(y) = -959*y**2 + 6 + 947*y**2 + 13*y + y**3 - 16. Give n(11).
12
Let c(z) be the first derivative of 0*z + z**3 - 7/24*z**4 + 1/120*z**6 - 4*z**2 + 11 + 7/60*z**5. Let m(a) be the second derivative of c(a). What is m(-8)?
-2
Let k be 1/5 + (-288)/40. Let h(p) = -p**3 - 7*p**2 - 3*p - 6. Calculate h(k).
15
Suppose x + 3 = -c, 5*c + 41 = 5*x + 26. Let b(t) = -t - 2. Give b(c).
1
Suppose -2*y + 53 = 3*j + 6,